e prime factors of 120725671.
11, 647, 16963
List the prime factors of 648166651.
11, 58924241
List the prime factors of 3162301.
47, 61, 1103
List the prime factors of 141759270.
2, 3, 5, 67, 23509
List the prime factors of 551308315.
5, 110261663
What are the prime factors of 194869892?
2, 7, 23, 302593
What are the prime factors of 159533823?
3, 19, 157, 17827
List the prime factors of 2511297521.
34757, 72253
What are the prime factors of 41362166?
2, 20681083
List the prime factors of 2770829749.
2770829749
What are the prime factors of 62178101?
62178101
List the prime factors of 683413518.
2, 3, 113902253
What are the prime factors of 53411342?
2, 26705671
List the prime factors of 3972613843.
11, 23, 682697
What are the prime factors of 232801942?
2, 116400971
What are the prime factors of 70977570?
2, 3, 5, 139, 17021
List the prime factors of 514372496.
2, 11, 61, 47911
What are the prime factors of 1092574201?
1092574201
What are the prime factors of 2583282973?
23, 1223, 91837
List the prime factors of 215758055.
5, 23, 1876157
What are the prime factors of 1209223618?
2, 61, 9911669
What are the prime factors of 69229645?
5, 139, 99611
List the prime factors of 393520716.
2, 3, 10931131
What are the prime factors of 51993070?
2, 5, 5199307
List the prime factors of 201079989.
3, 11, 127, 1777
List the prime factors of 2584080711.
3, 137, 77621
List the prime factors of 83577653.
23, 1409, 2579
What are the prime factors of 37186844?
2, 389, 23899
List the prime factors of 3562432428.
2, 3, 1579, 188011
What are the prime factors of 472012421?
19, 683, 36373
What are the prime factors of 1565053310?
2, 5, 156505331
What are the prime factors of 1145164685?
5, 7, 32718991
What are the prime factors of 542220734?
2, 11, 239, 103123
List the prime factors of 62516690.
2, 5, 6251669
List the prime factors of 78263395.
5, 7, 2236097
What are the prime factors of 184908416?
2, 7, 11, 73, 257
What are the prime factors of 27253616?
2, 13, 10079
What are the prime factors of 214213475?
5, 7, 1224077
List the prime factors of 606228577.
43, 14098339
What are the prime factors of 1091068044?
2, 3, 11, 29, 285023
List the prime factors of 1838942410.
2, 5, 3109, 59149
List the prime factors of 3744285579.
3, 416031731
List the prime factors of 1080693125.
5, 1729109
List the prime factors of 4522361122.
2, 2261180561
What are the prime factors of 4084326816?
2, 3, 42545071
What are the prime factors of 89137505?
5, 89, 383, 523
What are the prime factors of 79240374?
2, 3, 19, 223, 1039
What are the prime factors of 156024467?
156024467
What are the prime factors of 74962561?
139, 313, 1723
List the prime factors of 593304995.
5, 118660999
List the prime factors of 2506308561.
3, 382001
What are the prime factors of 123828923?
123828923
What are the prime factors of 113489675?
5, 13, 349199
List the prime factors of 437567071.
241, 1815631
What are the prime factors of 1843508814?
2, 3, 7, 43, 239, 4271
List the prime factors of 747935517.
3, 7, 5779, 6163
List the prime factors of 482046406.
2, 71, 3394693
List the prime factors of 8367203653.
61, 421, 325813
What are the prime factors of 30602709?
3, 3400301
What are the prime factors of 28384322?
2, 17, 167, 4999
What are the prime factors of 116669552?
2, 29, 251443
List the prime factors of 252731475.
3, 5, 23, 73, 223
List the prime factors of 6849139.
11, 19, 32771
What are the prime factors of 702955385?
5, 11, 12781007
List the prime factors of 881633267.
547, 1611761
What are the prime factors of 380585650?
2, 5, 7611713
What are the prime factors of 2323845922?
2, 29, 40066309
List the prime factors of 111003664.
2, 6937729
What are the prime factors of 703850378?
2, 7, 11, 73, 137, 457
What are the prime factors of 3770975998?
2, 71, 26556169
List the prime factors of 51470766.
2, 3, 29, 151, 653
What are the prime factors of 78708395?
5, 197, 79907
What are the prime factors of 118333106?
2, 59166553
List the prime factors of 735739233.
3, 245246411
List the prime factors of 3290084978.
2, 389, 4228901
What are the prime factors of 70705479?
3, 13, 19, 95419
List the prime factors of 1777784013.
3, 29, 349, 673
List the prime factors of 651392510.
2, 5, 65139251
List the prime factors of 30833239.
30833239
What are the prime factors of 295949651?
17, 659, 26417
What are the prime factors of 110782545?
3, 5, 7385503
What are the prime factors of 46549165?
5, 13, 733, 977
What are the prime factors of 944513555?
5, 188902711
List the prime factors of 22730162.
2, 7, 13, 739
List the prime factors of 138696617.
1999, 69383
List the prime factors of 62385942.
2, 3, 269, 38653
List the prime factors of 76907762.
2, 17, 2261993
What are the prime factors of 835316287?
13, 64255099
List the prime factors of 180095695.
5, 13, 213131
What are the prime factors of 205000213?
11, 2953, 6311
List the prime factors of 150502887.
3, 17, 131, 2503
List the prime factors of 7211005.
5, 151, 9551
What are the prime factors of 190135973?
17, 11184469
List the prime factors of 1591467891.
3, 13, 5939, 6871
List the prime factors of 65211857.
19, 3432203
What are the prime factors of 121260744?
2, 3, 11, 153107
List the prime factors of 45627656.
2, 281, 20297
What are the prime factors of 339007670?
2, 5, 33900767
What are the prime factors of 1426646967?
3, 23, 29, 712967
What are the prime factors of 376586345?
5, 75317269
What are the prime factors of 480900857?
677, 710341
List the prime factors of 844601869.
109, 337, 22993
List the prime factors of 20582976.
2, 3, 23, 59, 79
What are the prime factors of 5628162970?
2, 5, 17, 33106841
What are the prime factors of 275409867?
3, 137, 670097
List the prime factors of 95534638.
2, 47767319
List the prime factors of 20890484.
2, 17, 41, 59, 127
What are the prime factors of 16418761?
16418761
What are the prime factors of 81990459?
3, 9110051
List the prime factors of 678008354.
2, 101, 929, 3613
What are the prime factors of 1393950404?
2, 7, 11, 353, 12821
List the prime factors of 2572427042.
2, 23, 6263, 8929
What are the prime factors of 63029379?
3, 7, 67, 44797
List the prime factors of 2485960490.
2, 5, 13, 17, 1124869
What are the prime factors of 815958664?
2, 101994833
List the prime factors of 1200742478.
2, 13, 46182403
List the prime factors of 13553117.
241, 56237
List the prime factors of 1167173738.
2, 53, 1459, 7547
List the prime factors of 980252685.
3, 5, 2420377
List the prime factors of 1992928296.
2, 3, 401, 207079
What are the prime factors of 124571811?
3, 7, 13, 199, 2293
What are the prime factors of 3008685676?
2, 61, 12330679
List the prime factors of 1925719863.
3, 17, 19, 709, 2803
List the prime factors of 2054123446.
2, 1027061723
What are the prime factors of 1846979230?
2, 5, 184697923
What are the prime factors of 6778792820?
2, 5, 8147, 41603
List the prime factors of 6051921192.
2, 3, 19, 4423919
List the prime factors of 288895273.
288895273
List the prime factors of 508397827.
7, 41, 1771421
List the prime factors of 2876410228.
2, 19, 37847503
List the prime factors of 1357005201.
3, 109, 269, 15427
List the prime factors of 854702998.
2, 427351499
List the prime factors of 632668204.
2, 7, 3227899
List the prime factors of 954075437.
7, 29, 31, 151609
List the prime factors of 31985622.
2, 3, 419, 4241
What are the prime factors of 956508833?
7, 136644119
List the prime factors of 1900213256.
2, 19, 439, 28477
What are the prime factors of 374676279?
3, 23, 349, 15559
What are the prime factors of 118017589?
31, 313, 12163
What are the prime factors of 3755702721?
3, 1251900907
List the prime factors of 1742619551.
293, 1607, 3701
What are the prime factors of 180289252?
2, 11, 13, 19, 53, 313
List the prime factors of 95845749.
3, 31948583
What are the prime factors of 6459487?
19, 359, 947
List the prime factors of 88307602.
2, 419, 105379
List the prime factors of 41520799.
1567, 26497
What are the prime factors of 907802669?
17, 73, 731509
List the prime factors of 206536599.
3, 499, 45989
What are the prime factors of 124581067?
13, 47, 203897
What are the prime factors of 1763652440?
2, 5, 11, 47, 7753
What are the prime factors of 1484500065?
3, 5, 631, 156841
List the prime factors of 151396